the greatest common factor of 4956 and 843228?
708
Calculate the greatest common divisor of 16226 and 700.
14
Calculate the highest common divisor of 42012 and 144.
36
What is the highest common factor of 7 and 629153?
7
What is the highest common divisor of 402 and 84?
6
What is the highest common divisor of 305 and 37881?
61
What is the greatest common divisor of 637 and 9408?
49
What is the greatest common divisor of 22862 and 966?
322
What is the greatest common factor of 7 and 1264473?
7
Calculate the greatest common factor of 168 and 10344.
24
What is the greatest common divisor of 1125 and 6265125?
1125
Calculate the greatest common factor of 8001 and 234823.
127
What is the highest common divisor of 6439 and 47?
47
What is the greatest common factor of 3088311 and 7485?
1497
Calculate the highest common divisor of 3352034 and 98.
14
Calculate the highest common factor of 492 and 312.
12
Calculate the greatest common factor of 362285 and 385.
385
Calculate the greatest common factor of 52720 and 240.
80
What is the greatest common factor of 37365 and 40890?
705
What is the highest common factor of 600 and 500?
100
What is the greatest common divisor of 250608 and 84?
12
What is the highest common divisor of 24387 and 297?
33
What is the highest common divisor of 2140 and 980?
20
Calculate the highest common divisor of 562 and 34282.
562
Calculate the greatest common factor of 963 and 303.
3
What is the greatest common factor of 240 and 51140?
20
Calculate the greatest common divisor of 184 and 15548.
92
What is the greatest common factor of 85 and 1967580?
85
What is the highest common factor of 2912 and 1327144?
728
What is the greatest common factor of 156 and 31889?
13
What is the highest common divisor of 7348922 and 118?
118
What is the highest common factor of 375 and 315?
15
Calculate the highest common factor of 11885 and 140.
5
Calculate the highest common divisor of 16225 and 1100.
275
Calculate the highest common factor of 3215808 and 9.
9
What is the greatest common divisor of 19474 and 494?
26
What is the highest common divisor of 39 and 2747823?
39
Calculate the greatest common factor of 10 and 181060.
10
What is the highest common divisor of 35 and 476231?
7
What is the greatest common divisor of 189 and 47376?
63
Calculate the greatest common factor of 3670 and 57986.
734
Calculate the greatest common divisor of 12995 and 278093.
2599
Calculate the highest common factor of 1936455 and 45.
15
Calculate the highest common divisor of 4800033 and 21.
21
Calculate the greatest common divisor of 210 and 9850.
10
What is the greatest common divisor of 50 and 465950?
50
Calculate the highest common factor of 656140 and 10.
10
Calculate the highest common factor of 1917 and 1876104.
639
Calculate the greatest common divisor of 139725 and 540.
135
What is the greatest common factor of 31 and 65534?
31
What is the greatest common factor of 196816 and 304?
16
What is the greatest common factor of 8738 and 1156?
34
Calculate the greatest common divisor of 2188 and 44.
4
Calculate the highest common divisor of 51566 and 826.
118
Calculate the highest common divisor of 44240 and 224.
112
Calculate the highest common divisor of 125 and 14265.
5
What is the highest common divisor of 1236 and 8616156?
1236
What is the highest common divisor of 470753 and 35887?
2111
Calculate the highest common factor of 49959 and 189.
63
Calculate the greatest common divisor of 40525 and 50.
25
What is the greatest common divisor of 876264 and 2088?
696
What is the highest common divisor of 90306 and 3016?
58
Calculate the greatest common divisor of 3194592 and 107.
107
Calculate the greatest common divisor of 3925 and 125.
25
What is the highest common divisor of 29652 and 336?
84
What is the greatest common divisor of 1029 and 27489?
147
What is the greatest common divisor of 2165 and 19052?
433
What is the highest common factor of 45 and 44199?
9
What is the highest common divisor of 23045 and 168019?
419
Calculate the highest common divisor of 423 and 185744.
47
Calculate the highest common factor of 1263244 and 12.
4
What is the greatest common divisor of 371 and 46032?
7
Calculate the highest common divisor of 32116 and 8680.
868
Calculate the highest common divisor of 76796 and 789.
263
Calculate the highest common factor of 470 and 13912.
94
What is the greatest common factor of 963 and 121552?
107
What is the highest common divisor of 27008 and 12871?
211
What is the highest common factor of 756567 and 378?
189
What is the highest common divisor of 2550 and 69675?
75
What is the highest common divisor of 9050448 and 976?
976
Calculate the highest common divisor of 102417 and 21.
21
What is the highest common divisor of 172924 and 51?
17
What is the highest common factor of 5177 and 88343?
167
Calculate the highest common factor of 12469629 and 111.
111
Calculate the greatest common factor of 15801 and 41907.
687
Calculate the greatest common divisor of 192430 and 42.
14
What is the greatest common factor of 22725 and 42975?
225
What is the highest common factor of 18 and 15561?
9
What is the highest common factor of 871 and 689?
13
Calculate the greatest common divisor of 3348 and 237.
3
What is the highest common factor of 142863 and 84?
21
Calculate the highest common divisor of 220048 and 1088.
272
What is the highest common factor of 9589 and 4683?
223
What is the highest common divisor of 9158 and 5966?
38
What is the highest common factor of 132 and 141405?
33
Calculate the highest common divisor of 26558 and 98.
98
Calculate the greatest common factor of 39264 and 480.
96
Calculate the highest common divisor of 1656 and 6739.
23
What is the highest common divisor of 268223 and 361?
361
What is the highest common divisor of 730 and 29346?
146
Calculate the greatest common divisor of 225 and 603.
9
What is the greatest common divisor of 3240 and 162?
162
What is the greatest common divisor of 26 and 92534?
26
What is the greatest common divisor of 2436 and 87087?
609
What is the greatest common divisor of 109680 and 90?
30
What is the highest common factor of 11200 and 450?
50
Calculate the greatest common factor of 675509 and 37.
37
What is the highest common divisor of 54 and 20223?
27
What is the greatest common factor of 82 and 125829?
41
Calculate the highest common divisor of 509899 and 244.
61
Calculate the greatest common factor of 20604 and 1020.
204
Calculate the greatest common factor of 35 and 102060.
35
Calculate the highest common divisor of 1689155 and 4225.
845
What is the highest common divisor of 473850 and 650?
650
Calculate the greatest common factor of 164 and 504382.
82
Calculate the greatest common divisor of 17197 and 928.
29
Calculate the highest common factor of 616 and 3584.
56
Calculate the highest common divisor of 3318 and 70.
14
What is the highest common divisor of 165532 and 116?
116
What is the greatest common divisor of 4685 and 52472?
937
What is the highest common divisor of 1937 and 22499?
149
Calculate the greatest common divisor of 1357 and 54947.
23
What is the greatest common divisor of 356 and 218228?
356
What is the highest common divisor of 104 and 13?
13
Calculate the highest common factor of 6525 and 18000.
225
What is the greatest common factor of 47035 and 69?
23
Calculate the highest common factor of 100 and 1298450.
50
What is the highest common factor of 2349 and 435?
87
Calculate the highest common factor of 3428631 and 1116.
279
What is the greatest common divisor of 8591 and 33?
11
What is the highest common factor of 16794 and 6426?
54
What is the greatest common factor of 383 and 242?
1
What is the highest common divisor of 193456 and 5885?
107
Calculate the highest common divisor of 1395 and 3405.
15
Calculate the greatest common divisor of 64372 and 7260.
484
What is the highest common divisor of 8580 and 4080?
60
What is the highest common factor of 1032 and 1788?
12
What is the highest common factor of 261 and 29319?
87
What is the greatest common factor of 1872 and 623?
1
Calculate the greatest common divisor of 95391 and 270.
27
What is the highest common factor of 1453187 and 62?
31
Calculate the greatest common divisor of 1053 and 58482.
81
Calculate the greatest common f